{"id":13383,"date":"2020-11-01T06:35:07","date_gmt":"2020-11-01T09:35:07","guid":{"rendered":"https:\/\/cefav.cl\/index.php\/producto\/apoyo-vital-avanzado-pediatrico\/"},"modified":"2026-05-03T16:04:40","modified_gmt":"2026-05-03T19:04:40","slug":"apoyo-vital-avanzado-pediatrico","status":"publish","type":"product","link":"https:\/\/cefav.cl\/index.php\/producto\/apoyo-vital-avanzado-pediatrico\/","title":{"rendered":"PALS + eBook \u00b7 Apoyo Vital Avanzado Pedi\u00e1trico"},"content":{"rendered":"<p><strong>Curso PALS<\/strong><\/p>\n<p><strong>Descripci\u00f3n del Programa<\/strong><\/p>\n<p>Ense\u00f1a conocimientos y destrezas necesarios para identificar y tratar la falla respiratoria, el shock y el paro cardiorrespiratorio en ni\u00f1os y lactantes.<\/p>\n<p>El curso considera una evaluaci\u00f3n pr\u00e1ctica en BLS.<\/p>\n<p>Incluye estaciones de destrezas en acceso vascular (osteoclisis), en manejo avanzado de la v\u00eda a\u00e9rea y en terapia el\u00e9ctrica.<\/p>\n<p>Los estudiantes participan en el Debate y Simulaci\u00f3n de Casos Cardiacos, Respiratorios, Shock y Casos de Integraci\u00f3n, aplicando la evaluaci\u00f3n pedi\u00e1trica sistem\u00e1tica (primaria, secundaria y terciaria) y el m\u00e9todo \u201cevaluar-categorizar-decidir-actuar\u201d, integrando una efectiva RCP B\u00e1sica con el Apoyo Vital Avanzado en el contexto de una interacci\u00f3n como equipo durante la reanimaci\u00f3n.<\/p>\n<p><strong>Curso Semipresencial:<\/strong><\/p>\n<p>Portal de Aprendizaje<\/p>\n<p>M\u00f3dulo online sincr\u00f3nico<\/p>\n<p>M\u00f3dulos presenciales<\/p>\n<p><strong>A qui\u00e9n va dirigido:<\/strong><\/p>\n<p>El programa est\u00e1 dirigido a profesionales y estudiantes que se desempe\u00f1an en el \u00e1rea de salud, tanto p\u00fablico o privado. Intra y extra hospitalaria.<\/p>\n<p><strong>Perfil de Egreso:<\/strong><\/p>\n<ul>\n<li>Aprender\u00e1s a liderar al equipo y realizar la evaluaci\u00f3n en caso de paro cardiorrespiratorio pedi\u00e1trico.<\/li>\n<li>Adquirir\u00e1s las competencias para atender y responder frente a un colapso s\u00fabito.<\/li>\n<li>Acreditado y certificado para trabajar en cualquier servicio de urgencia con acreditaci\u00f3n internacional.<\/li>\n<\/ul>\n<p><strong>Campo Ocupacional:<\/strong><\/p>\n<ul>\n<li>\u00c1mbito p\u00fablico y privado. Urgencias \u00b7 Uti \u00b7 Uci \u00b7 Pabell\u00f3n \u00b7 Intermedio \u00b7 Unidades Coronarias \/ Nacional e internacional<\/li>\n<\/ul>\n<p><strong>Objetivos:<\/strong><\/p>\n<ul>\n<li>Al t\u00e9rmino del curso PALS los participantes ser\u00e1n capaces de aplicar correctamente las t\u00e9cnicas de reanimaci\u00f3n cardiopulmonar b\u00e1sica y avanzada en la edad pedi\u00e1trica, y actuar eficientemente frente a una emergencia de riesgo vital en ni\u00f1os y lactantes, siguiendo las \u00faltimas recomendaciones de la medicina basada en la evidencia de ILCOR.<\/li>\n<\/ul>\n<p><strong>Acreditaci\u00f3n:<\/strong><\/p>\n<p>Tras aprobar las evaluaciones te\u00f3rica y pr\u00e1ctica, el participante recibe:<\/p>\n<ul>\n<li>Certificado y Acreditaci\u00f3n AHA ACLS<\/li>\n<li>Certificado CEFAV<\/li>\n<\/ul>\n<p><strong>Carga Acad\u00e9mica<\/strong><\/p>\n<ul>\n<li>64 hrs cronol\u00f3gicas<\/li>\n<\/ul>\n","protected":false},"excerpt":{"rendered":"<p>Curso PALS Descripci\u00f3n del Programa Ense\u00f1a conocimientos y destrezas necesarios para identificar y tratar la falla respiratoria, el shock y&#8230;<\/p>\n","protected":false},"featured_media":12668,"template":"","meta":{"_acf_changed":false},"product_brand":[],"product_cat":[15],"product_tag":[],"class_list":{"0":"post-13383","1":"product","2":"type-product","3":"status-publish","4":"has-post-thumbnail","6":"product_cat-sin-categoria","8":"first","9":"instock","10":"sold-individually","11":"shipping-taxable","12":"purchasable","13":"product-type-variable"},"acf":[],"_links":{"self":[{"href":"https:\/\/cefav.cl\/index.php\/wp-json\/wp\/v2\/product\/13383","targetHints":{"allow":["GET"]}}],"collection":[{"href":"https:\/\/cefav.cl\/index.php\/wp-json\/wp\/v2\/product"}],"about":[{"href":"https:\/\/cefav.cl\/index.php\/wp-json\/wp\/v2\/types\/product"}],"wp:featuredmedia":[{"embeddable":true,"href":"https:\/\/cefav.cl\/index.php\/wp-json\/wp\/v2\/media\/12668"}],"wp:attachment":[{"href":"https:\/\/cefav.cl\/index.php\/wp-json\/wp\/v2\/media?parent=13383"}],"wp:term":[{"taxonomy":"product_brand","embeddable":true,"href":"https:\/\/cefav.cl\/index.php\/wp-json\/wp\/v2\/product_brand?post=13383"},{"taxonomy":"product_cat","embeddable":true,"href":"https:\/\/cefav.cl\/index.php\/wp-json\/wp\/v2\/product_cat?post=13383"},{"taxonomy":"product_tag","embeddable":true,"href":"https:\/\/cefav.cl\/index.php\/wp-json\/wp\/v2\/product_tag?post=13383"}],"curies":[{"name":"wp","href":"https:\/\/api.w.org\/{rel}","templated":true}]}}